47?
154
What is the remainder when 1563 is divided by 101?
48
Calculate the remainder when 191 is divided by 6.
5
What is the remainder when 480 is divided by 122?
114
What is the remainder when 1919 is divided by 60?
59
Calculate the remainder when 75 is divided by 13.
10
Calculate the remainder when 470 is divided by 92.
10
What is the remainder when 2204 is divided by 546?
20
Calculate the remainder when 567 is divided by 75.
42
Calculate the remainder when 42 is divided by 7.
0
Calculate the remainder when 196 is divided by 60.
16
Calculate the remainder when 45 is divided by 4.
1
What is the remainder when 599 is divided by 114?
29
Calculate the remainder when 1164 is divided by 577.
10
Calculate the remainder when 62 is divided by 55.
7
What is the remainder when 604 is divided by 29?
24
Calculate the remainder when 90 is divided by 49.
41
Calculate the remainder when 394 is divided by 43.
7
Calculate the remainder when 149 is divided by 79.
70
What is the remainder when 9849 is divided by 1231?
1
Calculate the remainder when 1509 is divided by 42.
39
What is the remainder when 495 is divided by 101?
91
Calculate the remainder when 1076 is divided by 13.
10
What is the remainder when 664 is divided by 23?
20
Calculate the remainder when 644 is divided by 65.
59
What is the remainder when 859 is divided by 296?
267
Calculate the remainder when 91 is divided by 51.
40
What is the remainder when 185 is divided by 10?
5
What is the remainder when 60 is divided by 6?
0
What is the remainder when 901 is divided by 184?
165
Calculate the remainder when 101 is divided by 38.
25
Calculate the remainder when 1451 is divided by 240.
11
Calculate the remainder when 209 is divided by 9.
2
What is the remainder when 1536 is divided by 70?
66
What is the remainder when 447 is divided by 77?
62
What is the remainder when 333 is divided by 62?
23
Calculate the remainder when 164 is divided by 5.
4
Calculate the remainder when 251 is divided by 83.
2
Calculate the remainder when 1230 is divided by 18.
6
Calculate the remainder when 1288 is divided by 7.
0
What is the remainder when 89 is divided by 25?
14
What is the remainder when 726 is divided by 133?
61
What is the remainder when 86 is divided by 82?
4
Calculate the remainder when 319 is divided by 80.
79
Calculate the remainder when 43 is divided by 23.
20
Calculate the remainder when 1323 is divided by 192.
171
Calculate the remainder when 607 is divided by 41.
33
What is the remainder when 4930 is divided by 4919?
11
Calculate the remainder when 1048 is divided by 36.
4
What is the remainder when 2954 is divided by 2952?
2
Calculate the remainder when 36 is divided by 11.
3
Calculate the remainder when 320 is divided by 15.
5
What is the remainder when 816 is divided by 226?
138
Calculate the remainder when 317 is divided by 34.
11
Calculate the remainder when 1041 is divided by 520.
1
Calculate the remainder when 984 is divided by 59.
40
Calculate the remainder when 4313 is divided by 94.
83
Calculate the remainder when 564 is divided by 81.
78
Calculate the remainder when 2205 is divided by 221.
216
What is the remainder when 200 is divided by 61?
17
Calculate the remainder when 283 is divided by 87.
22
Calculate the remainder when 4158 is divided by 160.
158
Calculate the remainder when 575 is divided by 64.
63
Calculate the remainder when 1511 is divided by 40.
31
What is the remainder when 2220 is divided by 434?
50
Calculate the remainder when 747 is divided by 258.
231
What is the remainder when 1120 is divided by 63?
49
What is the remainder when 466 is divided by 65?
11
What is the remainder when 134 is divided by 70?
64
What is the remainder when 1709 is divided by 16?
13
Calculate the remainder when 147 is divided by 10.
7
Calculate the remainder when 12 is divided by 10.
2
What is the remainder when 1894 is divided by 51?
7
What is the remainder when 14625 is divided by 46?
43
Calculate the remainder when 115 is divided by 44.
27
What is the remainder when 263 is divided by 14?
11
Calculate the remainder when 855 is divided by 208.
23
What is the remainder when 1531 is divided by 4?
3
Calculate the remainder when 858 is divided by 86.
84
Calculate the remainder when 180 is divided by 23.
19
Calculate the remainder when 115 is divided by 94.
21
Calculate the remainder when 234 is divided by 59.
57
Calculate the remainder when 2111 is divided by 93.
65
Calculate the remainder when 146 is divided by 80.
66
What is the remainder when 18 is divided by 12?
6
What is the remainder when 273 is divided by 262?
11
What is the remainder when 1943 is divided by 131?
109
Calculate the remainder when 968 is divided by 17.
16
Calculate the remainder when 8094 is divided by 46.
44
What is the remainder when 342 is divided by 160?
22
Calculate the remainder when 180 is divided by 26.
24
What is the remainder when 658 is divided by 217?
7
What is the remainder when 877 is divided by 10?
7
What is the remainder when 27 is divided by 4?
3
What is the remainder when 398 is divided by 19?
18
What is the remainder when 205 is divided by 93?
19
Calculate the remainder when 693 is divided by 135.
18
Calculate the remainder when 31 is divided by 8.
7
Calculate the remainder when 30 is divided by 13.
4
What is the remainder when 259 is divided by 48?
19
What is the remainder when 1512 is divided by 192?
168
Calculate the remainder when 15007 is divided by 28.
27
What is the remainder when 590 is divided by 184?
38
Calculate the remainder when 352 is divided by 6.
4
Calculate the remainder when 395 is divided by 61.
29
Calculate the remainder when 125 is divided by 8.
5
Calculate the remainder when 1735 is divided by 62.
61
What is the remainder when 25 is divided by 16?
9
What is the remainder when 276 is divided by 255?
21
What is the remainder when 10284 is divided by 139?
137
Calculate the remainder when 9919 is divided by 155.
154
Calculate the remainder when 186 is divided by 68.
50
What is the remainder when 74 is divided by 45?
29
What is the remainder when 3215 is divided by 26?
17
Calculate the remainder when 20 is divided by 7.
6
Calculate the remainder when 316 is divided by 71.
32
What is the remainder when 101 is divided by 56?
45
Calculate the remainder when 698 is divided by 343.
12
What is the remainder when 5792 is divided by 14?
10
What is the remainder when 5082 is divided by 41?
39
What is the remainder when 177 is divided by 42?
9
Calculate the remainder when 259 is divided by 23.
6
Calculate the remainder when 218 is divided by 50.
18
What is the remainder when 1651 is divided by 21?
13
Calculate the remainder when 395 is divided by 16.
11
What is the remainder when 310 is divided by 81?
67
What is the remainder when 737 is divided by 78?
35
Calculate the remainder when 161 is divided by 38.
9
What is the remainder when 3025 is divided by 13?
9
What is the remainder when 111 is divided by 42?
27
What is the remainder when 425 is divided by 61?
59
What is the remainder when 435 is divided by 21?
15
What is the remainder when 1720 is divided by 21?
19
What is the remainder when 73 is divided by 40?
33
What is the remainder when 160 is divided by 52?
4
Calculate the remainder when 1963 is divided by 245.
3
What is the remainder when 1063 is divided by 84?
55
What is the remainder when 515 is divided by 74?
71
Calculate the remainder when 2579 is divided by 29.
27
What is the remainder when 395 is divided by 36?
35
What is the remainder when 190 is divided by 61?
7
What is the remainder when 145 is divided by 49?
47
Calculate the remainder when 176 is divided by 68.
40
Calculate the remainder when 1367 is divided by 19.
18
What is the remainder when 137 is divided by 40?
17
Calculate the remainder when 148 is divided by 17.
12
What is the remainder when 2639 is divided by 48?
47
Calculate the remainder when 47 is divided by 6.
5
Calculate the remainder when 163 is divided by 25.
13
Calculate the remainder when 679 is divided by 243.
193
Calculate the remainder when 1738 is divided by 29.
27
What is the remainder when 152 is divided by 71?
10
What is the remainder when 420 is divided by 80?
20
What is the remainder when 390 is divided by 65?
0
Calculate the remainder when 1391 is divided by 